522?
2, 491, 1471
List the prime factors of 3566054.
2, 31, 113, 509
What are the prime factors of 247369?
247369
List the prime factors of 7095900.
2, 3, 5, 7, 31, 109
What are the prime factors of 5055451?
827, 6113
List the prime factors of 9448956.
2, 3, 11, 107, 223
What are the prime factors of 934985?
5, 67, 2791
What are the prime factors of 347851?
7, 31, 229
What are the prime factors of 8159722?
2, 4079861
What are the prime factors of 1195312?
2, 74707
What are the prime factors of 209478?
2, 3, 34913
List the prime factors of 9629534.
2, 1997, 2411
What are the prime factors of 453419?
41, 11059
What are the prime factors of 2218683?
3, 317, 2333
What are the prime factors of 10824755?
5, 61, 35491
List the prime factors of 17849684.
2, 71, 62851
List the prime factors of 492769.
492769
List the prime factors of 213325.
5, 7, 23, 53
List the prime factors of 163802.
2, 81901
What are the prime factors of 11514665?
5, 19, 61, 1987
List the prime factors of 1715192.
2, 214399
List the prime factors of 10326506.
2, 41, 125933
List the prime factors of 5265509.
827, 6367
List the prime factors of 71059.
71059
List the prime factors of 2488644.
2, 3, 7681
What are the prime factors of 504829?
13, 38833
List the prime factors of 16711133.
23, 43, 61, 277
What are the prime factors of 74008?
2, 11, 29
List the prime factors of 825942.
2, 3, 13, 10589
What are the prime factors of 30000754?
2, 7, 2142911
List the prime factors of 5333972.
2, 7, 197, 967
What are the prime factors of 4202271?
3, 466919
What are the prime factors of 23925748?
2, 7, 11, 77681
What are the prime factors of 29586?
2, 3, 4931
What are the prime factors of 6656671?
7, 950953
What are the prime factors of 31601?
31601
What are the prime factors of 772686?
2, 3, 41, 349
What are the prime factors of 28657506?
2, 3, 4776251
What are the prime factors of 589338?
2, 3, 29, 1129
List the prime factors of 1297549.
11, 117959
List the prime factors of 39425430.
2, 3, 5, 11, 10861
What are the prime factors of 501564?
2, 3, 7, 853
What are the prime factors of 4960962?
2, 3, 23, 521
List the prime factors of 727704.
2, 3, 1123
List the prime factors of 542036.
2, 11, 97, 127
List the prime factors of 9562700.
2, 5, 7, 19, 719
List the prime factors of 855703.
19, 29, 1553
What are the prime factors of 835849?
7, 97, 1231
List the prime factors of 315131.
79, 3989
What are the prime factors of 516323?
516323
List the prime factors of 7987028.
2, 7, 285251
What are the prime factors of 279571?
279571
What are the prime factors of 5468569?
97, 56377
What are the prime factors of 179903?
179903
List the prime factors of 2253945.
3, 5, 17, 8839
List the prime factors of 480939.
3, 160313
List the prime factors of 9100728.
2, 3, 7, 13, 463
List the prime factors of 25398025.
5, 59, 67, 257
List the prime factors of 263357.
53, 4969
List the prime factors of 2887259.
19, 23, 6607
List the prime factors of 690050.
2, 5, 37, 373
List the prime factors of 27583830.
2, 3, 5, 47, 6521
What are the prime factors of 1290802?
2, 59, 10939
List the prime factors of 746247.
3, 248749
What are the prime factors of 11235875?
5, 7, 12841
List the prime factors of 973076.
2, 13, 18713
List the prime factors of 10522.
2, 5261
What are the prime factors of 77653?
19, 61, 67
What are the prime factors of 1219030?
2, 5, 139, 877
What are the prime factors of 911385?
3, 5, 43, 157
What are the prime factors of 330067?
330067
What are the prime factors of 19812110?
2, 5, 1327, 1493
What are the prime factors of 8276593?
13, 79, 8059
What are the prime factors of 13416?
2, 3, 13, 43
List the prime factors of 9560335.
5, 1912067
What are the prime factors of 397117?
7, 56731
What are the prime factors of 43400126?
2, 7, 11, 23, 12253
List the prime factors of 301942.
2, 223, 677
What are the prime factors of 232739?
13, 17903
What are the prime factors of 794640?
2, 3, 5, 7, 11, 43
List the prime factors of 1285616.
2, 19, 4229
What are the prime factors of 10078226?
2, 5039113
What are the prime factors of 1509693?
3, 503231
What are the prime factors of 3105791?
13, 41, 5827
What are the prime factors of 661522?
2, 353, 937
List the prime factors of 1206450.
2, 3, 5, 7, 383
What are the prime factors of 365544?
2, 3, 5077
List the prime factors of 289356.
2, 3, 24113
What are the prime factors of 2494732?
2, 623683
What are the prime factors of 7185449?
7185449
What are the prime factors of 181407?
3, 17, 3557
List the prime factors of 3011225.
5, 7, 17207
List the prime factors of 165766.
2, 82883
List the prime factors of 8063969.
307, 26267
List the prime factors of 216628.
2, 31, 1747
What are the prime factors of 728901?
3, 80989
What are the prime factors of 16982487?
3, 23, 29, 41
What are the prime factors of 38572363?
38572363
What are the prime factors of 974883?
3, 7, 13, 3571
List the prime factors of 157213.
7, 37, 607
List the prime factors of 526376.
2, 19, 3463
List the prime factors of 2294939.
2294939
List the prime factors of 20367212.
2, 5091803
List the prime factors of 25724251.
7, 73, 50341
List the prime factors of 171931.
19, 9049
List the prime factors of 1023932.
2, 7, 13, 29, 97
What are the prime factors of 27403237?
27403237
What are the prime factors of 25184?
2, 787
What are the prime factors of 391353?
3, 73, 1787
What are the prime factors of 622746?
2, 3, 29, 1193
What are the prime factors of 124895?
5, 24979
List the prime factors of 3799263.
3, 13, 61, 1597
List the prime factors of 11548396.
2, 859, 3361
What are the prime factors of 114965?
5, 22993
What are the prime factors of 567463?
13, 43651
What are the prime factors of 15291608?
2, 1911451
What are the prime factors of 618998?
2, 127, 2437
List the prime factors of 228988.
2, 19, 23, 131
What are the prime factors of 2454570?
2, 3, 5, 9091
List the prime factors of 2534660.
2, 5, 126733
List the prime factors of 103166.
2, 7, 7369
What are the prime factors of 26882030?
2, 5, 7, 384029
List the prime factors of 4569270.
2, 3, 5, 223, 683
What are the prime factors of 13683136?
2, 213799
What are the prime factors of 415889?
29, 14341
What are the prime factors of 4448294?
2, 2224147
What are the prime factors of 404825?
5, 16193
List the prime factors of 405335.
5, 7, 37, 313
What are the prime factors of 3082553?
883, 3491
List the prime factors of 4922375.
5, 53, 743
What are the prime factors of 15769982?
2, 17, 463823
List the prime factors of 1235520.
2, 3, 5, 11, 13
What are the prime factors of 791705?
5, 158341
What are the prime factors of 13911729?
3, 13, 17, 20983
List the prime factors of 78821.
23, 149
What are the prime factors of 832632?
2, 3, 34693
List the prime factors of 892942.
2, 17, 26263
What are the prime factors of 21793293?
3, 113, 2381
What are the prime factors of 320060?
2, 5, 13, 1231
What are the prime factors of 32097?
3, 13, 823
List the prime factors of 281563.
281563
What are the prime factors of 310536?
2, 3, 19, 227
What are the prime factors of 2240821?
11, 17, 23, 521
List the prime factors of 9532210.
2, 5, 953221
List the prime factors of 279297.
3, 31033
List the prime factors of 254966.
2, 17, 7499
What are the prime factors of 280555?
5, 11, 5101
List the prime factors of 8627957.
13, 19, 2687
What are the prime factors of 4543309?
971, 4679
What are the prime factors of 547805?
5, 331
What are the prime factors of 1608722?
2, 223, 3607
What are the prime factors of 20214844?
2, 13, 127, 3061
What are the prime factors of 9816861?
3, 251, 13037
List the prime factors of 4691044.
2, 31, 37831
What are the prime factors of 16926456?
2, 3, 705269
List the prime factors of 234707.
11, 19, 1123
List the prime factors of 15931551.
3, 31, 107, 1601
List the prime factors of 92032.
2, 719
List the prime factors of 11293220.
2, 5, 19, 113, 263
List the prime factors of 1943278.
2, 971639
List the prime factors of 562050.
2, 3, 5, 1249
What are the prime factors of 847031?
847031
List the prime factors of 513041.
513041
List the prime factors of 2551177.
2551177
List the prime factors of 438599.
7, 8951
List the prime factors of 7576248.
2, 3, 315677
List the prime factors of 582925.
5, 7, 3331
What are the prime factors of 120985?
5, 24197
What are the prime fac